hat is the units digit of f?
1
Let t(l) = -l - 1. Let o be t(-1). Suppose g + 25 = -o*g. Let f = g + 35. What is the tens digit of f?
1
Suppose -7*f + 4*f = -33. Let z = 7 + f. What is the tens digit of z?
1
Let g(o) = -o. Suppose 2*u + 2*u + 20 = 0. Let m be g(u). Let x(r) = r + 1. What is the units digit of x(m)?
6
Suppose 2*l + 4*p = -30, -l + 2*p - 5*p = 17. Let j = l - -13. What is the units digit of j?
2
Suppose u + 5*d - 12 = 0, 4*u = d + 3*d. Suppose u*z + 5 = -1. Let b(o) = -4*o + 4. What is the tens digit of b(z)?
1
Let w(m) = 11*m**3 + m**2 - m + 1. Let l be w(1). Let a be (-3)/l + (-39)/(-12). Suppose -3*n - 2 = 3*x - 4*x, x = -a*n + 8. What is the units digit of x?
5
Let o be (-159)/33 - 6/33. Let r = 8 + o. Let k = 1 + r. What is the units digit of k?
4
Let y = 14 + -10. Suppose 0*r = -r - y*i + 42, -r + 36 = 2*i. What is the units digit of r?
0
Let f(d) = 5*d - 7. What is the units digit of f(6)?
3
Let c be (3/(-2)*-2)/(-1). What is the tens digit of c/(-15) + (-189)/(-5)?
3
Suppose -11 = 2*m - 3*i + 3, m + 6 = i. Let p(b) = -b + 4. What is the units digit of p(m)?
8
Let m be ((-12)/5)/(1/5). Let p(d) = -d + 4. What is the units digit of p(m)?
6
Let a be (-3)/(-1) - 6 - -7. Suppose a*r = -3*u + 22, -4*r + 3*u = -40 + 6. What is the units digit of r?
7
Let t = -406 - -668. What is the units digit of t?
2
Suppose -821 = 5*d - 2106. What is the tens digit of d?
5
Suppose -i = 3*w - 207, w + 717 - 86 = 3*i. What is the units digit of i?
0
Let l = 13 + -9. Suppose 0 = 2*j + 2*p + 3*p + l, j - 4*p = 11. What is the units digit of j?
3
Let d = -7 - -17. What is the units digit of d - (-4 + 1 + 1)?
2
Let v be -2*4*4/8. Let o = v + 6. What is the units digit of o?
2
Let u(l) = l**3 - 6*l**2 + 4*l. Let a be u(6). Suppose 5*x - 21 = a. What is the units digit of x?
9
Let g = -34 + 69. What is the units digit of g?
5
Let j = 77 - -14. What is the units digit of j?
1
Suppose -n - 5*d - 18 = 0, -24 + 4 = 4*d. Suppose -2*p + n*p - 245 = 0. Let q = -34 + p. What is the tens digit of q?
1
Let m = 55 + -80. Let g = 42 + m. What is the tens digit of g?
1
Let g(s) = -3*s**3 + s + 1. Let t be g(-1). Suppose 0 = t*r + 6 + 15. Let i = -3 - r. What is the units digit of i?
4
Suppose -24 = 3*m + 2*r - 5*r, -2*m + 12 = 5*r. What is the units digit of 9/((-2)/m*2)?
9
Suppose -2*k + k - 12 = 0. Let v = k + 19. What is the units digit of v?
7
Suppose 0 = 31*j - 34*j + 345. What is the units digit of j?
5
What is the tens digit of ((-128)/(-20) - 4)/(2/10)?
1
Suppose -2*c + c = -3, k - 3*c = 7. What is the units digit of k?
6
Let g = -30 - -48. What is the units digit of g?
8
Let u(o) = -o. Let i be u(3). Let v(p) = p**3 + 4*p**2 - 3. What is the units digit of v(i)?
6
Suppose 4*f + k - 1193 = 6*k, 0 = 5*f + k - 1513. What is the tens digit of f?
0
What is the tens digit of (-171)/(-2)*(-140)/(-42)?
8
Let z = -7 - -1. Let m be 8/z*12/(-8). Suppose -7 = -2*u + 5*c, 3*u - 3*c = m + 4. What is the units digit of u?
1
Let a be ((-20)/3)/(-4)*3. Let s(v) = v**3 - 4*v**2 - 6*v - 3. Let l be s(a). What is the units digit of 2/3*(-108)/l?
9
Let a be (3/3)/((-1)/(-11)). Suppose a*t = 4*t + 196. What is the tens digit of t?
2
Let u be 1/5 - 1/5. Suppose u*n - 4*x + 8 = -n, -5*x + 10 = 4*n. Let l = n + 2. What is the units digit of l?
2
Let h = -13 - -18. Suppose h*f - 4 = 4*f. Suppose f = 2*a - 6. What is the units digit of a?
5
Suppose 4*m + x - 3 = -0*m, 4*m = -4*x + 12. Suppose m = 5*r - 6 - 14. What is the units digit of r?
4
Let s(p) = p**2 - 8*p + 8. Let u(b) = b - 6. Let r be u(9). Suppose -l + 3*d + 16 = 0, l + r*l + d = 25. What is the units digit of s(l)?
1
Suppose -2*n + 10 = 2. Suppose 2*m + 44 = -4*p + 8*p, -16 = -n*m. What is the tens digit of p?
1
Suppose -3*s = 2*f - 401, f + 0*f + 389 = 3*s. What is the units digit of s?
1
Let z be 7/(28/8)*-43. What is the tens digit of z/(-5) + 15/(-75)?
1
Suppose -2*x - 2 - 4 = 0. What is the units digit of (-2)/((-5 - x)/12)?
2
Suppose 0 = 5*b + b - 24. Suppose 3*q = -q + b*u + 28, -4*q + 2*u + 34 = 0. What is the units digit of q?
0
Let f(a) = -a - 4. Let w be f(-4). Suppose r = -0*r + 60. Suppose w*u + 4*u = r. What is the units digit of u?
5
Suppose 0 = g - 27 + 7. What is the tens digit of g?
2
Suppose 10*g - 14*g = -396. What is the units digit of g?
9
Suppose 19 = 5*f - 6. Let h(l) = -l + 10. Let a be h(f). Suppose a*i = -8 + 38. What is the units digit of i?
6
What is the hundreds digit of (-4)/(-6) + (-9500)/(-60)?
1
What is the units digit of 10*1/2*1?
5
Suppose 5*h - 10 = -0*h. Suppose 0*p + h*x + 56 = -4*p, -4*p - 5*x = 56. Let u = 27 + p. What is the tens digit of u?
1
Let q(l) = -l**3 + 9*l**2. Let r be q(9). Suppose -3*f + 2*f + 6 = r. What is the units digit of f?
6
Suppose 3*x - 3*p = 4*x - 67, 0 = -5*x + 4*p + 316. What is the tens digit of x?
6
Let v = -20 + 77. What is the tens digit of v?
5
Let r = -8 - -16. Suppose r = 4*d - 2*d. Suppose d*l - 2*b - 37 = -l, 16 = 4*b. What is the units digit of l?
9
Let t(m) = -m**3 + 2. Suppose 3*w + 4*b - 16 = 2*w, -4*w - 3*b = -12. What is the units digit of t(w)?
2
Let a(p) = 3*p**2 + 13*p - 5. Let n(t) = 7*t**2 + 27*t - 9. Let z(j) = 9*a(j) - 4*n(j). Suppose 0 - 6 = -r. What is the units digit of z(r)?
9
Suppose 15 = -x + 4*b, 3*b = 2*x - 2*b + 18. Let d(w) = -w**2 + 2*w - 1. Let q be d(x). Suppose 3*i + 3*u = -i - 2, q = -u - 2. What is the units digit of i?
1
What is the units digit of (-8)/(-28) + (2 - (-13605)/35)?
1
Let c be -3*(-2 + (-1)/(-3)). Suppose -c*g = 20, -2*g = 2*t - 5*t + 23. What is the units digit of t?
5
Let s be 648/(-66) - (-2)/(-11). Suppose l + 3*l - 60 = 0. Let y = l + s. What is the units digit of y?
5
Suppose -3*a - 174 = -5*w + 179, -3*w + a + 215 = 0. What is the units digit of w?
3
Let n(b) = b**2 + 5*b - 1. Let s = -20 - -13. Let a be n(s). Suppose 0*j = -j + a. What is the units digit of j?
3
Suppose 18 + 4 = n. What is the tens digit of n?
2
Suppose 52 = t + s, 0*t - 43 = -t + 2*s. What is the tens digit of t?
4
Suppose 4*c - 28 = -0. What is the units digit of 258/21 - 2/c?
2
Suppose -6*z = -2*z - 104. Let s = z - 15. What is the tens digit of s?
1
Suppose 33 + 57 = -3*o. Let q(k) = -k**2 - 4. Let b be q(-3). Let p = b - o. What is the tens digit of p?
1
What is the units digit of 1 + 6 + 0 + 1?
8
What is the units digit of (-16)/(-4) + 7*8?
0
Suppose -2*u + 498 = -2*t, 3 + 1 = 2*t. Suppose 5*b - u = -4*c, c + 53 = b - c. Suppose 4*y - f + 0*f - b = 0, y - 4*f = 24. What is the units digit of y?
2
Let m(i) = i**3 + 8*i**2 + 12*i + 2. What is the units digit of m(-6)?
2
Let x(k) = k**2 + 12*k + 3. What is the units digit of x(-15)?
8
Let v(g) = g + 42. What is the units digit of v(0)?
2
Let h(j) = j**3 - 5*j**2 + 7*j - 10. What is the units digit of h(6)?
8
Let n(p) = 2*p - 6. Let s be n(9). Suppose 10 = 3*u - q, -u + 5*u + 5*q + s = 0. Suppose 0 = -v - u, 2*v - 5*v = y. What is the units digit of y?
6
Let k(y) = -y**2 + 10*y - 6. Let f be k(9). Let o be 6/(-8)*(-16)/4. Suppose o*h - 25 = 5*v, 5*h - 31 = -f*v + 6*v. What is the units digit of h?
5
Let w = -1 - 2. Let f = w + -1. What is the units digit of f/6 - (-58)/6?
9
Suppose x = -2*x. Suppose -3*z + 7 + 2 = x. What is the units digit of z?
3
What is the units digit of (-12)/42 + 2244/14 - -4?
4
Suppose -3*k - w = -128, -2*w + 160 = 4*k - 6*w. Suppose 14 = 4*j - k. What is the units digit of j?
4
Suppose 15 = 3*a - 0*a. Suppose -a*c = -98 - 62. What is the units digit of c?
2
Let k = -154 + 278. What is the units digit of k?
4
Suppose -3*y - 4*j = 2*y - 44, -j + 33 = 4*y. What is the units digit of (y/(-2))/(2/(-3))?
6
Let w(r) = -r - 3. What is the units digit of w(-8)?
5
Let g be -1*(1 + -2)*0. What is the units digit of (-24)/(-1) + g + 3?
7
Let g = 672 + -458. What is the tens digit of g?
1
Suppose -3*o = r + 2 - 4, -5*o + r - 2 = 0. Suppose 4*y - 41 - 35 = o. What is the tens digit of y?
1
Let x be (2 + -3)*1*-5. Suppose 3*n - x = 2*n. Suppose -3*o - 38 = -n*u, -2*o = 2*u - 0*o - 28. What is the tens digit of u?
1
Let u(r) = 21*r + 22. What is the hundreds digit of u(8)?
1
Let w = -76 - -153. What is the tens digit of w?
7
Let n(w) be the third derivative of -w**4/8 - 11*w**3/6 - w**2. What is the tens digit of n(-11)?
2
Let i(v) be the first derivative of 3*v